y 24.
21
Calculate the remainder when 245003127 is divided by 162.
159
Calculate the remainder when 4710782 is divided by 314051.
17
Calculate the remainder when 7781771 is divided by 384.
11
Calculate the remainder when 420050 is divided by 5670.
470
What is the remainder when 2780333 is divided by 933?
926
Calculate the remainder when 2771457 is divided by 62.
57
Calculate the remainder when 543230 is divided by 823.
50
Calculate the remainder when 320089 is divided by 319721.
368
Calculate the remainder when 4062899 is divided by 812574.
29
Calculate the remainder when 12577827 is divided by 174.
63
Calculate the remainder when 43781 is divided by 21662.
457
Calculate the remainder when 1647284 is divided by 1256.
668
Calculate the remainder when 748442 is divided by 15924.
14
What is the remainder when 53272823 is divided by 5919202?
5
Calculate the remainder when 293508910 is divided by 4084.
4082
What is the remainder when 1882708 is divided by 941183?
342
Calculate the remainder when 3391142 is divided by 439.
306
Calculate the remainder when 16501912 is divided by 736.
56
Calculate the remainder when 133843863 is divided by 682.
681
Calculate the remainder when 1255872 is divided by 402.
24
Calculate the remainder when 4978819 is divided by 88.
43
Calculate the remainder when 2883 is divided by 2251.
632
Calculate the remainder when 2156035 is divided by 269503.
11
What is the remainder when 6546300 is divided by 3927?
3918
Calculate the remainder when 14037673 is divided by 77130.
13
What is the remainder when 23709 is divided by 5300?
2509
What is the remainder when 2001995 is divided by 1820?
1815
What is the remainder when 23167365 is divided by 555?
0
What is the remainder when 3307303 is divided by 1690?
1663
What is the remainder when 83075 is divided by 176?
3
Calculate the remainder when 510234 is divided by 4122.
3228
What is the remainder when 1227519 is divided by 717?
15
Calculate the remainder when 2337976 is divided by 1485.
586
Calculate the remainder when 9439647 is divided by 762.
753
Calculate the remainder when 278779 is divided by 891.
787
What is the remainder when 4620536 is divided by 1846?
1844
What is the remainder when 24989166 is divided by 2019?
3
Calculate the remainder when 179648 is divided by 1311.
41
Calculate the remainder when 156665 is divided by 1025.
865
Calculate the remainder when 1027203 is divided by 33.
12
Calculate the remainder when 165866 is divided by 46.
36
What is the remainder when 10244754 is divided by 211?
71
Calculate the remainder when 14328544 is divided by 796026.
76
Calculate the remainder when 309943 is divided by 13.
10
Calculate the remainder when 27250 is divided by 26428.
822
What is the remainder when 41182711 is divided by 5338?
41
Calculate the remainder when 2567984 is divided by 1237.
1209
Calculate the remainder when 1641478 is divided by 1641395.
83
What is the remainder when 9574674 is divided by 531926?
6
What is the remainder when 982846 is divided by 245706?
22
Calculate the remainder when 446720 is divided by 223079.
562
What is the remainder when 4764018 is divided by 4265?
13
What is the remainder when 7731571 is divided by 1288576?
115
Calculate the remainder when 199590 is divided by 12456.
294
What is the remainder when 1735610 is divided by 896?
58
Calculate the remainder when 12301692 is divided by 5.
2
What is the remainder when 206191959 is divided by 104?
103
What is the remainder when 1612979 is divided by 1545?
1544
Calculate the remainder when 1616438 is divided by 1913.
1866
Calculate the remainder when 91610278 is divided by 2040.
2038
Calculate the remainder when 68141284 is divided by 65710.
14
Calculate the remainder when 1127872 is divided by 237.
226
Calculate the remainder when 2083711 is divided by 46.
3
Calculate the remainder when 5856908 is divided by 150177.
5
Calculate the remainder when 1140468 is divided by 227977.
583
Calculate the remainder when 342665 is divided by 19019.
323
Calculate the remainder when 169640 is divided by 14121.
188
What is the remainder when 114227 is divided by 1598?
769
What is the remainder when 14898998 is divided by 13?
10
Calculate the remainder when 54588 is divided by 12423.
4896
Calculate the remainder when 3150367 is divided by 131256.
223
What is the remainder when 2811407 is divided by 21138?
53
Calculate the remainder when 385398 is divided by 4481.
32
What is the remainder when 52383 is divided by 647?
623
What is the remainder when 161915 is divided by 2668?
1835
Calculate the remainder when 6390842 is divided by 23.
16
Calculate the remainder when 87710708 is divided by 26.
20
Calculate the remainder when 9477376 is divided by 199.
1
Calculate the remainder when 6354597 is divided by 1275.
1272
What is the remainder when 12001647 is divided by 4369?
4
What is the remainder when 106752959 is divided by 301?
299
What is the remainder when 329961917 is divided by 32?
29
What is the remainder when 526326 is divided by 52622?
106
Calculate the remainder when 52571 is divided by 3.
2
What is the remainder when 37244046 is divided by 115?
31
Calculate the remainder when 667987 is divided by 44526.
97
What is the remainder when 193419 is divided by 7729?
194
What is the remainder when 822361 is divided by 23479?
596
What is the remainder when 193378 is divided by 13550?
3678
Calculate the remainder when 1671339 is divided by 1005.
24
What is the remainder when 1778852 is divided by 322?
124
Calculate the remainder when 6657447 is divided by 30.
27
What is the remainder when 205553 is divided by 1974?
257
Calculate the remainder when 3783904 is divided by 881.
9
What is the remainder when 4401383 is divided by 4842?
5
Calculate the remainder when 255620 is divided by 303.
191
Calculate the remainder when 768883 is divided by 1805.
1758
What is the remainder when 52321589 is divided by 327?
281
Calculate the remainder when 50516 is divided by 1437.
221
Calculate the remainder when 547131 is divided by 4411.
167
What is the remainder when 12319013 is divided by 6?
5
Calculate the remainder when 12785 is divided by 1004.
737
What is the remainder when 156004 is divided by 51989?
37
Calculate the remainder when 2039691 is divided by 266.
3
What is the remainder when 58104 is divided by 29?
17
Calculate the remainder when 6369612 is divided by 16.
12
What is the remainder when 3397351 is divided by 1400?
951
What is the remainder when 11083276 is divided by 1385408?
12
Calculate the remainder when 7802803 is divided by 3326.
7
What is the remainder when 341437 is divided by 68280?
37
What is the remainder when 79705910 is divided by 3241?
3238
What is the remainder when 572595 is divided by 4895?
4775
What is the remainder when 699187 is divided by 349587?
13
Calculate the remainder when 12056828 is divided by 115.
113
What is the remainder when 1680462 is divided by 11?
3
Calculate the remainder when 13954001 is divided by 18.
5
What is the remainder when 77183 is divided by 11019?
50
Calculate the remainder when 918507 is divided by 12582.
21
What is the remainder when 134815 is divided by 218?
91
What is the remainder when 412041 is divided by 58834?
203
What is the remainder when 57755 is divided by 1435?
355
What is the remainder when 13520573 is divided by 55186?
3
Calculate the remainder when 4330338 is divided by 229.
177
Calculate the remainder when 98127236 is divided by 422.
420
Calculate the remainder when 67360 is divided by 1429.
197
What is the remainder when 54373538 is divided by 34?
24
Calculate the remainder when 48572 is divided by 3229.
137
Calculate the remainder when 3855567 is divided by 1461.
1449
Calculate the remainder when 321242274 is divided by 8166.
0
What is the remainder when 1982810 is divided by 86?
80
Calculate the remainder when 41310 is divided by 35310.
6000
Calculate the remainder when 878551 is divided by 1615.
1606
Calculate the remainder when 10184618 is divided by 10184486.
132
Calculate the remainder when 311117 is divided by 2890.
1887
Calculate the remainder when 5350253 is divided by 8.
5
Calculate the remainder when 79429 is divided by 619.
197
What is the remainder when 245732 is divided by 1645?
627
Calculate the remainder when 1255494 is divided by 10